0. Let g be (3/(-3))/(2/(-694)). Suppose -q*o + g = -1527. Is o a prime number?
True
Is 13/((-4141165)/(-517645) - 24/3) composite?
True
Suppose 2*a = 4*n - 38, -4*a - n = -a + 29. Let h(p) = 25*p**2 + 2*p - 44. Is h(a) a prime number?
False
Let j = 227 + -214. Suppose 13*p + j*p - 273338 = 0. Is p composite?
False
Let p = 21 + 31. Let r = 56 - p. Suppose -h + 3183 = 5*s - 1383, -r*h - 4561 = -5*s. Is s a composite number?
True
Let l = -133691 + 570652. Suppose -51*b = -37900 - l. Is b a prime number?
True
Suppose 2*v - 64*q - 8118 = -69*q, -2*v + 2*q = -8090. Is v a composite number?
False
Suppose -5*z = -5*s - 19987 + 2407, 4*z = 3*s + 14061. Let l = -2254 + z. Is l composite?
False
Let f be (-46 - -15) + 6/2. Suppose d + 3*d + 4 = -4*l, d - 14 = -4*l. Is (f/d)/(22/3201) a prime number?
False
Suppose -8*v + 18*v = 30. Suppose 2*q = 4*g - 22958, -7*q + 17221 = v*g - 9*q. Is g a composite number?
False
Suppose -12*u - 5842 = -37042. Suppose -5*m + 5*a + u = 0, 5*m - 5*a + 4*a = 2596. Is m composite?
True
Suppose 0 = -2*f + 3*a + 931589, 430*a - 431*a + 2328930 = 5*f. Is f composite?
True
Let v = -530 - -260. Is v/(5 + -7) - 4 composite?
False
Suppose -k = -3*k - 2*v - 76, 0 = 2*k - 3*v + 51. Is (-3)/4 - k/12 - -21363 a prime number?
False
Let f = -104 + 103. Is (193635/(-180))/(f/4) composite?
True
Let m(v) be the third derivative of 13*v**6/120 - v**5/12 - v**4/12 + v**3/6 + 2*v**2. Let y(s) = 39*s - 113. Let d be y(3). Is m(d) a prime number?
False
Let m be -5 - 297/(-55) - 1003296/(-10). Is ((-7)/14)/((-5)/m) a composite number?
True
Suppose -4*n - 16 = -3*f - 3*n, n = -1. Suppose 14*o - 62966 = -f*o. Is o prime?
False
Suppose 2*k - 8 = -2*y + 7*y, k - 3 = 3*y. Let f = -9381 - -13185. Suppose -k*j + f = 3*j. Is j a prime number?
True
Suppose -5*w - 30*p = -25*p - 4050445, 0 = -3*w - 5*p + 2430263. Is w prime?
True
Let s(t) = -181*t + 11. Let w(a) = 361*a - 21. Let b = 118 - 116. Let d(c) = b*w(c) + 5*s(c). Is d(-2) prime?
True
Let v(p) = -42*p - 44*p + 5652*p**3 - 5653*p**3 - 41*p**2 - 121. Is v(-39) prime?
True
Let u = -5206 + 1914. Let j = -771 - u. Is j a prime number?
True
Suppose 0 = -11*t + 9*t - d + 11587, 4*t + 4*d - 23176 = 0. Is t a composite number?
True
Let g(p) = 2122*p**3 + p. Let y(a) = 2*a**3 - 23*a**2 - 13*a + 13. Let r be y(12). Is g(r) composite?
True
Suppose 6*v - 2313 = 21. Suppose v = 3*r - 2*r. Suppose 5*c - r = 336. Is c a composite number?
True
Suppose -44484275 = -207*c - 1157312. Is c composite?
True
Let u(l) = 109*l - 128. Let k(f) = f - 1. Let c(d) = 6*k(d) - u(d). Is c(-23) composite?
True
Let b = -856 - -857. Suppose -5*d - 3*p = 21, 4*d + 8 = 4*p - 2*p. Is 1351 - (b - d/(-3)) a composite number?
True
Let t(h) = 92411*h**2 - 152*h + 307. Is t(2) a prime number?
True
Let g(x) = -3*x**3 - 2*x**2 - 8*x - 11. Let s be g(-2). Let o be 3/((4/2258)/(28/s)). Suppose 9*q + o = 8261. Is q a composite number?
True
Suppose -125*a + 106*a = 142*a - 126580615. Is a composite?
True
Suppose -3*v - 4*p + 38 = 0, -3*v + 0*p - 2 = -4*p. Is (-105)/126 + 100871/v a prime number?
True
Let l(r) = 1542*r - 86. Suppose -113 = c - 119. Is l(c) composite?
True
Let y = -153 + -281. Let d = -388 - y. Is d composite?
True
Let s(b) = -70*b + 3. Let i(p) = p. Let c(k) = -6*i(k) + s(k). Is c(-4) composite?
False
Is (140 - 144) + (2930075 - 0) prime?
True
Suppose d - 796340 - 313623 = -3*u, -3*d = 2*u - 3329945. Is d composite?
False
Let g be (15/(-4))/(-1 - 5/(-8)). Suppose -2*o = 3*f + 30, g + 12 = -2*o + f. Is (-1)/2*(-2 + o) composite?
False
Let f be (-3)/(-1)*(-13 + 14). Suppose 14*i - f*i - 12067 = 0. Is i composite?
False
Is 139262 - (-8 + 2) - 1 composite?
False
Suppose -m + 11835 = -2728. Let f = m + 1936. Is f composite?
True
Suppose 0 = -i + 5*m + 310467, -391251 = 3*i + 5*m - 1322612. Is i prime?
False
Suppose -3*b - 5*s + 57352 = 0, 4*b + 8*s - 4*s = 76472. Is (-2 - b)*14/(-14) composite?
False
Let m(w) = 7*w**2 - 4*w + 17. Suppose 0 = 3*h + 18. Is m(h) composite?
False
Let s be (20/15)/((-7)/3)*-7. Suppose -4*f = -s*n - 1564, 7*f = 2*f - n + 1943. Is f a composite number?
False
Is ((84/20)/21)/(3/877395) a composite number?
True
Suppose 76*k - 318 = 129*k. Let q(n) = -3*n + 5. Let u(h) = h**2 + 15*h - 24. Let g(y) = 11*q(y) + 2*u(y). Is g(k) a prime number?
True
Let b(t) = t**2 + 7*t - 3. Let a be b(-8). Suppose 8*f - 9 = a*f. Let v(y) = 3*y**2 - 2*y - 2. Is v(f) a prime number?
True
Let y(r) = -59*r**3 - 2 + r**2 - 88*r**3 - 6*r**3 - 6*r - 15*r**3. Is y(-3) prime?
True
Suppose -25790230 - 24170329 = -26*a - 9396685. Is a composite?
False
Let c(q) = -2 + 7 - 4*q - 1 + q**3 - 5*q**2 + 2*q**2. Let p be c(3). Is (p/(-3) + 1/3)*191 a prime number?
False
Let l(s) = 7*s**2 - 13*s - 9. Let n(m) = 36*m**2 - 66*m - 44. Let r(z) = 16*l(z) - 3*n(z). Let d be r(-6). Let b = d - -2767. Is b a composite number?
True
Let j(q) = -493*q**3 + q**2 - 2*q + 9. Let h(y) = -y**3 + 27*y**2 + 29*y - 32. Let s be h(28). Is j(s) prime?
False
Suppose 2*d - 2 = 5*q, -q - 4 = 2*d - 18. Let o(u) = -3*u**2 + 9*u - 6. Let v be o(d). Is (1002/(-9))/(8/v) composite?
True
Is -26 + 31 + -2 - (-318279 + 1) prime?
True
Let b = -56 - -84. Is 7*4*203/b a composite number?
True
Suppose -4*l + n = -3 + 14, 2*n = -10. Let m be (-2)/(-1) + 4*(-3)/l. Suppose -3*f + 3450 = 3*a - 6*a, 5 = m*a. Is f a prime number?
True
Let i(r) be the first derivative of 113*r**2/2 - 9*r + 40. Is i(22) prime?
True
Suppose 4*o + l - 9 - 7 = 0, -3*o + 12 = 4*l. Suppose -2*x = -4*r + 15866 + 9090, 0 = -o*r + 3*x + 24956. Is r a composite number?
True
Suppose -13*b + 11*b - 5*p + 341 = 0, 4*b = 3*p + 747. Suppose 0 = 7*l - b - 1966. Is l composite?
False
Let g(z) be the third derivative of -z**5/60 - 11*z**4/24 - 2*z**3/3 + 7*z**2. Let n be g(-10). Suppose -699 = n*o - 9*o. Is o a prime number?
True
Suppose -1032*y + 4*k = -1031*y - 45481, 2*k + 136443 = 3*y. Is y a prime number?
True
Let p(n) = n**3 - 4*n**2 - 14*n + 6. Let w be p(6). Let y(m) = -2262*m - 449. Is y(w) prime?
False
Let p(c) be the first derivative of -286*c**3/3 - 2*c**2 + 4*c + 1. Let s be p(3). Let d = -1543 - s. Is d a prime number?
True
Suppose f - 23 = 5*g - 81, 40 = 4*g - 4*f. Let u(k) = -k**2 - 5*k + 1. Let p be u(-3). Suppose -g - p = -d. Is d a composite number?
False
Suppose k - 126237 = -4*l, -3*k + 631217 = 2*k + 4*l. Suppose 204*r - 209*r = -k. Is r a prime number?
False
Let q(k) be the third derivative of 301*k**4/12 - 13*k**3/2 + 87*k**2. Is q(5) prime?
True
Suppose -4 = -4*w + b + 5, w - b - 3 = 0. Suppose -4*z + 2*p = -768402, -3*z + w*z - 5*p = -192117. Suppose 12*m - z = -74586. Is m composite?
True
Suppose 9*p - 299475 = 651024. Is p a prime number?
False
Let x = 18282 - 12085. Is x prime?
True
Suppose 0 = 4*j + 12, -f - j + 8533 = -0*j. Let n = f - 3833. Is n a composite number?
False
Let a(n) = n - 1. Suppose 0 = -b - 2*o + 2 - 3, 3*o = 5*b - 34. Let i be a(b). Is 669/2*i/6 a prime number?
True
Suppose -917906 = -2*o - 4*j - 150520, -2*o + 3*j + 767365 = 0. Suppose 469886 + o = 61*n. Is n a prime number?
False
Let k(d) = -3*d**3 - 10*d**2 - 3*d - 23. Let y be -4*((-28)/8 - 0). Suppose 2*w = -y - 0. Is k(w) prime?
False
Let h(d) = -3*d**3 - 4*d**2 + 6*d + 47. Let j = -127 + 121. Is h(j) prime?
False
Suppose -4*w + k = 5*k - 16816, w = k + 4204. Let y = w - 1241. Is y composite?
False
Is (-10675518)/(-133) - (-7)/(-133) a composite number?
True
Let g(m) = 395*m - 2114. Is g(11) prime?
False
Let w be ((-5)/(-20))/(1/(-4)). Let b be w + 1 + -3 + 7. Suppose 0 = -b*i + 6*i - 284. Is i a composite number?
True
Suppose 3*l = o + 14 - 4, -3*l + 3*o + 12 = 0. Let g(j) = 441*j**2 + 4*j + 4. Is g(l) composite?
True
Let s = -10 - 29. Let b be (-119)/(1/(-1)) - 6435/715. Let r = s + b. Is r composite?
False
Let u(x) = x**3 - 8*x**2 + 11*x - 27. Let c = 97 + -90. Let g be u(c). Suppose 3*y = 2*r - 5231, -2*y + g = -1. Is r prime?
True
Suppose -s = t - 123704, -50*s - t = -53*s + 371108. Is s a composite number?
True
Suppose 4*w = k + 6, -4*w - 4 = -5*k - w. Suppose -6*r = -r - k*i - 15626, -12506 = -4*r - i. Suppose -3*g = f - 1040, 2*f - r = -f - 3*g. Is f prime?
False
Suppose -i - 10 = -2*r + 5*r, 5*i = -5. Let a = 5 + r. Is 270/a + (-8)/(-2) a prime number?
True
Let d(g) = 2563*g + 352. Is d(9) a prime number?
Fals